{"id":132,"date":"2023-11-19T16:11:38","date_gmt":"2023-11-19T16:11:38","guid":{"rendered":"https:\/\/aclinicahomeopatica.com\/home\/?page_id=132"},"modified":"2023-11-19T16:11:39","modified_gmt":"2023-11-19T16:11:39","slug":"apoio-pessoal","status":"publish","type":"page","link":"https:\/\/aclinicahomeopatica.com\/home\/apoio-pessoal\/","title":{"rendered":"Apoio Pessoal"},"content":{"rendered":"\n\n\n<h2>Apoio Pessoal<\/h2>\n<p style=\"text-align: justify;\">A vida actual, principalmente nas \ngrandes cidades, \u00e9 muito desumana. As pessoas passam os seus dias em \ncorrerias loucas, entre o percurso casa-trabalho, trabalho-casa, e os \nseus m\u00faltiplos afazeres como o irem buscar os filhos aos infant\u00e1rios, \nescolas, ou \u00e0 casa dos av\u00f3s, chegarem a casa e rapidamente tratarem dos \npequenotes, do jantar, de os deitarem, e ainda estenderem o pouco&nbsp;tempo \nque t\u00eam&nbsp;para fazer mais umas coisinhas no arranjo e manuten\u00e7\u00e3o da casa, \npara finalmente deitarem-se tarde cansados, e na manh\u00e3 seguinte \nrepetirem todo o programa, com algumas variantes, nos dias da nata\u00e7\u00e3o, \njudo, m\u00fasica, ballet, futebol dos filhos, e assim ainda chegarem um \npouco mais tarde a casa e&#8230;&nbsp;recome\u00e7arem tudo de novo.<\/p>\n<p style=\"text-align: justify;\"><br>Um grande naturopata americano Dr. \nBernard Jensen, dizia que o homem devia dividir o seu dia de 24 horas em\n 3 partes, ou seja, 8 horas de descanso, 8 horas de trabalho e 8 horas \nde lazer. Isto talvez seja um pouco exagerado, mas o que ele queria \ndizer, era que dev\u00edamos dedicar tanto tempo ao trabalho, como ao \ndescanso e lazer. E nestas horas de lazer inclui-se o t\u00e3o importante \nconv\u00edvio com os outros, come\u00e7ando pela nossa pr\u00f3pria fam\u00edlia e amigos.<\/p>\n<p style=\"text-align: justify;\"><br>Apoio Pessoal, ou AP, como gostamos \nde chamar, \u00e9 uma terapia individual, em que se procura ajudar as pessoas\n a encontrarem o seu equil\u00edbrio, entre a responsabilidade pessoal, \nfamiliar e profissional, nas diferentes condi\u00e7\u00f5es de vida e problemas \nindividuais.<\/p><p><\/p>\n\n\n","protected":false},"excerpt":{"rendered":"","protected":false},"author":1,"featured_media":0,"parent":0,"menu_order":0,"comment_status":"closed","ping_status":"closed","template":"","meta":{"pagelayer_contact_templates":[],"_pagelayer_content":"","footnotes":""},"class_list":["post-132","page","type-page","status-publish","hentry"],"_links":{"self":[{"href":"https:\/\/aclinicahomeopatica.com\/home\/wp-json\/wp\/v2\/pages\/132","targetHints":{"allow":["GET"]}}],"collection":[{"href":"https:\/\/aclinicahomeopatica.com\/home\/wp-json\/wp\/v2\/pages"}],"about":[{"href":"https:\/\/aclinicahomeopatica.com\/home\/wp-json\/wp\/v2\/types\/page"}],"author":[{"embeddable":true,"href":"https:\/\/aclinicahomeopatica.com\/home\/wp-json\/wp\/v2\/users\/1"}],"replies":[{"embeddable":true,"href":"https:\/\/aclinicahomeopatica.com\/home\/wp-json\/wp\/v2\/comments?post=132"}],"version-history":[{"count":4,"href":"https:\/\/aclinicahomeopatica.com\/home\/wp-json\/wp\/v2\/pages\/132\/revisions"}],"predecessor-version":[{"id":136,"href":"https:\/\/aclinicahomeopatica.com\/home\/wp-json\/wp\/v2\/pages\/132\/revisions\/136"}],"wp:attachment":[{"href":"https:\/\/aclinicahomeopatica.com\/home\/wp-json\/wp\/v2\/media?parent=132"}],"curies":[{"name":"wp","href":"https:\/\/api.w.org\/{rel}","templated":true}]}}